 by 10?
6
Suppose 3*t = -l + 705, t - 2*l = -7*l + 249. Suppose -4*v - 83 = -5*z + 160, -2*z + 104 = -5*v. Calculate the remainder when t is divided by z.
46
Suppose 5*p - 467 = -3*n, -14*n - 91 = -p - 17*n. Calculate the remainder when 149 is divided by p.
55
Suppose 14*m - 4388 + 4150 = 0. What is the remainder when 1545 is divided by m?
15
Suppose 4*c = 2*c + 8. Suppose -2*v - 2*x + 23 + 39 = 0, c*v + 5*x = 123. Let t = -5 + v. Calculate the remainder when 75 is divided by t.
21
Suppose 0 = -3*k - 2*a + 27, -k + 4*a + 20 = 25. Suppose 2*x = 3 + 33. Calculate the remainder when x is divided by k.
4
Suppose -3*g + 17 = 5*a, 78*a - 12 = -2*g + 74*a. Suppose -17 - 140 = -2*z - 3*j, -261 = -3*z + g*j. What is the remainder when z is divided by 24?
11
Suppose 9*z + 1210 = 20*z. Let i = z + -68. What is the remainder when 167 is divided by i?
41
Suppose 254 = 4*g - 5*n, -17*g + 23*g - 4*n - 374 = 0. Let t = -11 - -16. Calculate the remainder when g is divided by t.
1
Let x(c) = 1179*c + 104. Calculate the remainder when 817 is divided by x(0).
89
Let g(z) = 72*z + 1406. What is the remainder when 497 is divided by g(-19)?
3
What is the remainder when (-504)/(-180) + 52724/20 is divided by 2?
1
What is the remainder when 880 is divided by ((-26)/(-39))/(3/((-1953)/(-2)))?
12
Suppose 2*h + 2*r - 97 = r, h = r + 44. Suppose 2*n + 925 = l, 25*n + 4716 = 5*l + 28*n. What is the remainder when l is divided by h?
46
Let m be (-36)/(-8) - (-12)/(-24). Suppose -m*c + 220 = 4*b, -c + 5*b - 2*b = -63. Let q = -27 + 47. Calculate the remainder when c is divided by q.
17
Calculate the remainder when 327 is divided by (-5)/((-15)/104) - (-10)/(-6).
30
Suppose 29*n - 22*n - 29435 = -22*n. Calculate the remainder when n is divided by 72.
7
Suppose 37*x - 1236 - 564 = 7*x. What is the remainder when 556 is divided by x?
16
Let y = -98 - -110. What is the remainder when y is divided by 106/(-689) - (-41)/13?
0
Suppose -3*n + 9 - 6 = -j, 3*n + 69 = 7*j. Suppose 0 = 2*c - 2, 4*v = 7*v - 2*c - 211. Calculate the remainder when v is divided by (240/(-360))/((-1)/j).
7
Let c = -30 + 10. Let f be (c + 23)*8/6. Suppose -5*q - 27 - 9 = -4*l, -f = -4*l - 3*q. What is the remainder when 10 is divided by l?
2
Let n(g) = 2*g**2 + 4*g - 2. Let d be n(-4). Suppose 4*t + 2 = -d, -k = -3*t - 659. Calculate the remainder when k is divided by 72.
71
Let m(q) = q**3 - 3*q**2 - 5*q + 10. Suppose -2*x + 5*h = 12, -6*h - 28 = -4*x - 9*h. What is the remainder when 16 is divided by m(x)?
4
Let j(h) = 87*h - 4376. Calculate the remainder when j(54) is divided by 125.
72
Let c(y) = 6 - 94*y + 31*y + 33*y + 31*y. Let f be c(0). Calculate the remainder when 53 is divided by f + -2 + 4 + -2 + 2.
5
Suppose 78*y = -211*y + 141321. What is the remainder when y is divided by 6?
3
Let y = 19 - 10. Let b(r) = r**2 + 3. Let q be b(7). Suppose 2*c + q = 2*h, 9*c = 5*h + 5*c - 126. Calculate the remainder when h is divided by y.
4
Let y(h) = 2*h - 25. Suppose -4*z + 3*s + 12 = 0, 0 = 3*z + 3*s + 19 - 7. Let l = z + 14. Calculate the remainder when y(l) is divided by 1.
0
Suppose 1428 = -0*o + 31*o + 312. Let a = 4 - 1. Suppose a*g + 318 = v + 2*v, -5*g - 318 = -3*v. What is the remainder when v is divided by o?
34
Let k(t) = t**3 + 24*t**2 + 73*t + 121. What is the remainder when k(-20) is divided by 14?
9
Let m(s) = 534*s**3 + 4*s**2 - 19*s + 76. What is the remainder when m(4) is divided by 14?
10
Suppose -21 = -m + 4*m. Let y = m + 13. Calculate the remainder when y is divided by (-110)/(-11) - -1 - 7.
2
Let d(x) = 11*x + 426. What is the remainder when d(-33) is divided by 53?
10
Suppose 45 = 2*k - k - 5*w, -5*k = -3*w - 203. What is the remainder when k is divided by (-30)/4*(-6)/12*8?
10
Suppose 4*w - 5*s - 1118 = 0, 5*w - 560 - 844 = 3*s. Calculate the remainder when w is divided by 166.
116
Suppose 5*t + 2*z - z + 4682 = 0, 3*t + z + 2810 = 0. Calculate the remainder when -2 + 7/2 + t/(-16) is divided by ((-222)/(-333))/(-2*2/(-186)).
29
Suppose -562*i + 564*i - 118 = 0. What is the remainder when 527 is divided by i?
55
Let k(g) = 14*g**2 - 57*g + 95. Calculate the remainder when 398 is divided by k(5).
78
Let a = 8726 - 8705. What is the remainder when (-2)/(-5) + (-1524)/(-15) is divided by a?
18
Let n = -16 - 3. Let d = n + 37. Let l = 372 - 338. Calculate the remainder when l is divided by d.
16
Suppose -18*f + 114 = -12*f. Suppose -j = -8*j - 2*j. Suppose 5*m + 4*a + 1 = j, 0 - 5 = 5*m + 5*a. Calculate the remainder when f is divided by m.
1
Let n = -540 - -633. What is the remainder when 235 is divided by n?
49
Suppose 0 = -4*q - 166 + 274. Suppose 26*c + 39 = q*c. What is the remainder when 151 is divided by c?
34
Calculate the remainder when 232 is divided by (-8299)/(-301) + (-12)/21.
16
Calculate the remainder when ((-84)/(-10))/(3/110)*1243/452 is divided by 122.
115
Suppose 34*b - 6*b - 10794 = -4942. Calculate the remainder when b is divided by -2 + 1 + (1 - -42).
41
Let a = 239 + -126. Let y = a - 70. What is the remainder when y is divided by 10?
3
Let w be (-21)/(-84) - 2937/4. Let t = w - 956. What is the remainder when 55 is divided by (-6)/(-14) - t/91?
17
Suppose 0 = a - 0*a - 589 + 217. Calculate the remainder when a is divided by 14.
8
Let q = -10302 - -10714. Calculate the remainder when 1240 is divided by q.
4
Suppose 45*d = 44*d + 2. Let w(z) = -z**d + 4 - 2*z + 0 + 8*z**2 - 18*z + z**3. What is the remainder when 63 is divided by w(-9)?
19
Let a = -44 - -12. Let o = 35 + a. Suppose 4*z - 9 = o*p + 17, 2*p = -2*z + 20. Calculate the remainder when 31 is divided by z.
7
Suppose c - h + 244 = 0, -c = -0*c + 2*h + 256. Let m = c + 371. Calculate the remainder when m is divided by 28.
11
Let b = 6454 + -6295. Let t be (-4)/12 + (-4)/(-3). Suppose 0 = r - t - 53. What is the remainder when b is divided by r?
51
Suppose -4*j - 5*r + 9 = -21, 0 = -2*r + 4. Suppose 3*y = 5*x - 115 + 314, 4*y - 273 = -x. Calculate the remainder when y is divided by j.
3
Suppose 5*f - 43 - 7 = 0. Suppose 11*u = 13*u - f. Suppose -3*s = 3*m - 43 - 11, -3*s + 96 = u*m. Calculate the remainder when 59 is divided by m.
17
Suppose -46*a + 60*a - 2856 = 0. Suppose -a = -5*l + 3*l. Calculate the remainder when l is divided by 34.
0
Let s = 38 + -35. Suppose 0 = -5*p - s*t + 240, -32 = 5*p - t - 272. Calculate the remainder when p is divided by 37.
11
Let f(b) = -3*b - 4. Let c(s) = 8*s + 13. Let h(m) = 4*c(m) + 11*f(m). Let g be h(4). Suppose -k + g*k = 246. Calculate the remainder when k is divided by 12.
10
Let h = 3971 + -3667. What is the remainder when h is divided by 5?
4
Let o = -5254 - -5421. Calculate the remainder when o is divided by 35.
27
Suppose 17 = 2*w + 5*l, 4*l + 0*l + 26 = 5*w. Let t(k) = 23*k**2 - w*k - 2 + 23 - 22*k**2. What is the remainder when 94 is divided by t(5)?
14
Let b(z) = -z**3 + 11*z**2 + 2*z - 35. Suppose -5*a + h + 16 = -31, 4*a - 43 = -h. Calculate the remainder when b(a) is divided by 22.
19
Suppose 0*s - 13 = -s. Suppose 91*b - 1304 - 6233 = -1895. What is the remainder when b is divided by s?
10
Suppose -5*i + 7*i = 8. Suppose -q + 74 = -5*r, -i*q - 20*r + 18*r = -384. Calculate the remainder when q is divided by 16.
14
Suppose -11*r - 4020 = -10*r - 31*r. Calculate the remainder when 933 is divided by r.
129
Suppose 2*u - 29 - 1 = -4*h, -u - 3*h = -19. Suppose 0 = u*n - 5*n - 12. Calculate the remainder when 130 is divided by n.
4
Suppose 2*l = u + 11268, -2*l - 695*u + 690*u + 11268 = 0. Calculate the remainder when l is divided by 1877.
3
Suppose -3*j - 13*i + 556 = -9*i, -568 = -3*j + 2*i. Let q = 625 - 392. Calculate the remainder when q is divided by 15/(j/24 + -7).
17
Let u(n) = n**2 - 4*n + 37. Suppose 13*t + 624 = -26*t. What is the remainder when u(t) is divided by 19?
15
Calculate the remainder when 86 is divided by ((-22)/(-144) - 2/(-9)) + 56353/872.
21
Let i be 6/9 + (-7)/(-3). Let a(x) = x**3 - x**2 + 4*x + 1. Suppose 4*h - 5*b = 9, -5*h + 3*b = -12 - 22. What is the remainder when a(i) is divided by h?
9
Let w = -40 - -109. Let g be -1 + (-15)/(-9) - (-400)/(-60). Calculate the remainder when w is divided by (g - -56)/(-5)*(-18)/10.
15
Let f be 25/30*15*-8. Let l = f + 104. Suppose l*x - 10*r - 108 = -7*r, 3*r = 0. What is the remainder when 